4. Let t = -20 + 7. Let a = 7 + t. Give x(a).
-21
Let w(n) = -24*n**2 + 7*n - 11. Let m(i) = 21*i**2 - 7*i + 10. Let f(r) = -7*m(r) - 6*w(r). Let y = 350 - 345. Calculate f(y).
-44
Suppose -25*z - 639 = -96*z. Let v(w) = -5 - 4 + 2 - 5 - 2*w. What is v(z)?
-30
Let q(h) = 3 - 3 - 6 + 2*h. Let o(z) = -z**3 + 21*z**2 - 29*z - 141. Let r be o(19). Suppose 166*i - r = 160*i. Determine q(i).
4
Let q be (0 - 8/10)*5 - -6. Let x(a) = -9*a - 9 + 10 - 14*a**q + 15*a**2. What is x(8)?
-7
Let v be 1 + -3 - ((2 - 7) + -4). Let l(n) = -2132 + n + 2133 - v*n. Give l(-1).
7
Let z(l) be the third derivative of l**6/360 + 11*l**5/120 - 5*l**4/24 + 23*l**3/3 + 3*l**2 - 27*l. Let m(g) be the first derivative of z(g). What is m(-11)?
-5
Let x(l) = -4*l**3 - l**2 + l. Let h be x(1). Let c(a) = 8*a**2 + 74*a - 3. Let g(w) = 7*w**2 + 66*w - 3. Let o(p) = 8*c(p) - 9*g(p). Determine o(h).
27
Let a(s) = -19*s + 20. Let g(b) = -182*b + 182. Let z(x) = -28*a(x) + 3*g(x). Calculate z(-1).
0
Let j be 800/75*(-3)/(-4). Let x(s) be the third derivative of s**4/24 - s**3 + 2*s**2. Calculate x(j).
2
Let c(g) = g**2 + 4*g. Let v(h) = -3*h**2 + 6*h - 38. Let f(x) = -2*c(x) - v(x). Calculate f(5).
-7
Let j(l) = -l + 533*l**2 - 2*l + 6*l - 532*l**2 - 9 - 11. Give j(-6).
-2
Suppose 32*v - 14 = 26*v - 14. Let i(m) = 5*m - 26. Determine i(v).
-26
Let a be -4*15/(-25)*(-220)/(-4). Let m be 5/390*12 + a/(-13). Let v(q) = -3*q - 12. What is v(m)?
18
Let z(k) = k**2 - 6*k + 18 + 25 - 76 + 19 + 32. Calculate z(7).
25
Let m(k) = 3*k**2 - 15*k + 11. Suppose -9461*l + 9447*l = -84. What is m(l)?
29
Let m = 13346 + -13378. Let z(a) = -16*a - 514. Determine z(m).
-2
Let r(k) = -2*k**2 + 15*k + 27. Let i(c) = 6*c**2 - 61*c - 105. Let b(f) = -3*i(f) - 11*r(f). Give b(-8).
130
Let w(f) be the third derivative of f**6/120 + f**5/10 + 5*f**4/24 + 4*f**3/3 - 2*f**2. Let z be (-152)/28 + (-836)/1463. Give w(z).
-22
Let i(v) = v**3 - 2*v**2 - 9*v. Let j be ((-472)/354)/(3/(-18)*2). Give i(j).
-4
Let n(g) = 474*g**2 - 11*g + g**3 - 264*g**2 - 2 - 220*g**2. Give n(11).
-2
Let s(j) = 43*j - 3248 + 6*j - 3*j**2 + 6517 + 3*j - 3248. Determine s(18).
-15
Let i be (-168)/(-140) - 48/(-10). Let c(t) = t. Let d(b) = -8 - 56*b**2 - b**3 + 61*b**2 + 0 + 2*b. Let f(z) = 5*c(z) + d(z). What is f(i)?
-2
Let i(y) = -4*y**2 - y - 2. Let r(x) = -5*x**3 + 2*x**2 + 15*x + 12. Let q(f) = f**3 + f**2 - f. Let b(k) = 6*q(k) + r(k). Let m be b(-7). Determine i(m).
-16
Let p(j) = -4*j - 3. Let c(o) = 3*o + 6. Let f(h) = -5*c(h) - 4*p(h). Let k = -18 - -32. Give f(k).
-4
Let y = 13407 - 13407. Let p(f) be the third derivative of -2/3*f**3 + y*f + 0 - 1/30*f**5 + 1/8*f**4 - 1/120*f**6 - 21*f**2. Determine p(-3).
-4
Let t(f) be the third derivative of -f**6/120 - f**5/3 - f**4/2 - 40*f**3 + 6741*f**2. Give t(-20).
0
Let l(a) = -20*a**2 + a. Suppose 355 = 3*s + 2*n, s - 117 = -5*n + 3*n. Suppose 3*r = 4*r + s. Let p = -118 - r. Calculate l(p).
-19
Let c(o) = -2*o + 109 - 81 - 33. Suppose -2*m + 72 = -4*t, 3*m - 100 = 2*t + 2*t. Suppose -4*z + 9*z = j + m, -28 = -3*z - 5*j. Calculate c(z).
-17
Let d(g) = 9 + 3*g + 29 - 12. Let x(r) = r**3 - 5*r**2 - 2*r + 6. Let z be x(2). What is d(z)?
-4
Let g = 20 + -11. Let n(s) = -8*s**2 + 137 + s**3 - 454 - 8*s + 150 + 150. Calculate n(g).
-8
Let y(k) = -36 + 20 + 35 - 3*k. What is y(5)?
4
Let c(l) = -7*l - 176. Let o(u) = -5*u - 146. Let b(h) = 5*c(h) - 6*o(h). What is b(3)?
-19
Let z(m) = 4*m**3 + 2*m**2 + m - 1. Let x(v) = 25*v**3 + 20*v**2 - 4*v - 19. Let p(g) = -x(g) + 6*z(g). Calculate p(-9).
4
Let r = -83687/3 + 27896. Let o(x) be the first derivative of r*x**3 - 31 - 8*x - 9/2*x**2. Calculate o(10).
2
Let r = -16494 + 16494. Let p(i) be the first derivative of r*i + 0*i**2 - 2/3*i**3 - 2. Calculate p(-1).
-2
Let l(o) be the second derivative of 2 + 3*o**2 + 1/2*o**4 + 29*o + 1/20*o**5 + 7/6*o**3. Suppose 4*s = t - 24, s - 2*t - 2*t = -21. Calculate l(s).
-4
Let j be (238/35)/((-4)/(-10)). Suppose j*f - 27 = 24. Let q(v) = -2*v**2 + v + 3*v + 5*v**2 - 4*v**2. Give q(f).
3
Let f = 18 + 27. Let s(v) = -1175*v + 2. Let c be s(0). Suppose -3*m - 4*a = 1, -5*a = -c*m - 3*m + f. Let n(k) = k - 6. Give n(m).
-1
Let h be ((-4)/(-2) + 3)*(-10)/(-25). Let d(n) = 4 - h*n + 11*n - 196*n**2 + 195*n**2. Let m(r) = -r**3 + 6*r**2 - 7*r + 4. Let b be m(4). Determine d(b).
12
Let r = -241328 + 241324. Let z(v) be the third derivative of v**4/4 + 4*v**3/3 - 2*v**2. Determine z(r).
-16
Let t(z) be the first derivative of z**4/4 - 2*z**3/3 - 21*z**2/2 + 35*z - 9266. What is t(5)?
5
Let n(r) = -13*r**3 - r**2 - r + 1. Suppose 38*b = 36*b, -4*j - 8*b = 4. Give n(j).
14
Suppose -4*b = -v + 20, -5*b + v = 6*v + 25. Let s(o) = -7 + 1 - 35*o - 2 + 3 + 32*o + 7. What is s(b)?
17
Let l(q) be the second derivative of -q + 3/2*q**2 - 1/6*q**3 + 0 + 1/4*q**4 + 1/20*q**5. Suppose -28*b + 2*t + 8 = -27*b, 12*t + 72 = 0. Determine l(b).
-9
Let d(b) = -2*b**3 + 6*b**2 - 5. Let w(s) = 8*s**3 - 25*s**2 + 21. Let c(v) = 9*d(v) + 2*w(v). Suppose 54*x - 73*x = -42*x + 69. Determine c(x).
-21
Suppose 7 = 2634*s - 2632*s - 3*o, 7 = 5*s + 3*o. Let p(v) be the second derivative of v**2 + 0 + 1/12*v**4 - 1/3*v**3 + v. Calculate p(s).
2
Let w(r) = -r**2 + r - 2. Let v(m) = m**3 + 5*m**2 - 5*m - 2. Let x be v(-5). Suppose -5*j + 27 + x = 0. Suppose -o - j = -6. Calculate w(o).
-22
Let o(j) = -j**3 + 7*j**2 + 8*j + 4. Let g(k) = -2*k**2 - 23*k - 17. Let d be g(-11). Let z be 52/(-195)*d/(-4)*-20. Calculate o(z).
4
Let a(w) = -6 + 6*w - 3*w - w - 4*w - 11. Determine a(-9).
1
Let f(k) be the third derivative of -k**6/120 + k**5/5 + 5*k**3/2 + 56*k**2 - 41. Give f(12).
15
Let d = -7548 - -7542. Let y(a) = -a**3 - 5*a**2 + a - 2. Determine y(d).
28
Let q(a) be the second derivative of -a**3/3 + a**2 + 4*a. Suppose 0 = -19*g + 16*g + 81. Suppose 0 = -j - 4*j - m + g, -23 = -5*j + m. What is q(j)?
-8
Let u(g) = -g**3 - 9*g**2 + 12*g + 21. Let z be u(-10). Let l(m) = 17*m**2 + z - 7*m**2 - 9*m**2. Let p(f) = -f**2 + 10*f - 11. Let v be p(9). Determine l(v).
5
Suppose -16 = 7*y - 93. Let j be (3/(-2))/((21/(-112))/1). Suppose -5*w + 2*n - y = 6, n + j = -3*w. Let q(a) = 3*a + 4. Calculate q(w).
-5
Let a(i) = -i**3 - 27*i**2 + i + 26. Let l be a(-27). Let g(q) = 54*q**2 - 1. Give g(l).
53
Suppose -74 = -5*m + 3*c - 2*c, 2 = m + 3*c. Let s be ((-2)/m*-12)/(16/(-56)). Let w(j) = j + 14. Determine w(s).
8
Suppose -4*a + b + 12 = 0, -2 = -3*a + 2*b + 7. Suppose -a*m - 16 = m. Let g(q) = -221*q + 883*q - 218*q - 8 + 4 - 221*q - 216*q. Give g(m).
-32
Let d(b) = -6*b + 1. Let h = -178 + 206. Suppose 16*i + 48 = h*i. Determine d(i).
-23
Let t(x) = x**3 + 3*x**2 + 2*x. Let n(c) = -2*c**3 - c**2 - 3*c - 3. Let p = -73 - -71. Let y be n(p). Let g be y/25*5*(-1)/1. Calculate t(g).
-6
Let o = 422 - 403. Let u(b) = -1242*b - 1241*b - o + 2485*b. What is u(8)?
-3
Let w(p) = 6*p**3 + 2*p - 1. Let d = 38 - 36. Suppose -d*t + 12 = 2*t. Suppose -z + 2*u = -t, 9 = 5*z - 5*u - 1. Give w(z).
7
Let g(d) = 2*d**3 - 4*d + 3. Let l(q) be the first derivative of 3/2*q**2 - 2*q - 12 - 1/4*q**4 - 1/3*q**3. Let a(b) = -2*g(b) - 3*l(b). What is a(4)?
-20
Let r(o) = -4*o**2 + o + 1. Suppose -50 = 8*v - 3*v. Let t(y) = y**3 + 9*y**2 - 7*y + 29. Let h be t(v). Give r(h).
-4
Let n(l) = -l**2 + 12*l - 46. Let d be (-9*9/(-189))/(3 + (-123)/42). Give n(d).
-10
Let x(t) = 220 + t**3 + 7*t**2 - 104 + 6*t - 122. Give x(-6).
-6
Let s be (12/24)/((-2)/(-20)). Suppose -1 - s = u. Let v(q) = -5*q**3 + 7*q**2 + 10*q + 6. Let j(b) = -2*b**3 + b - 1. Let d(z) = 3*j(z) - v(z). Give d(u).
-3
Let q(p) = 5*p**3 + 12*p**2 + 7*p - 5. Let t(g) = -18*g**2 + 2819*g + 7*g**2 - 4*g**3 - 2824*g + 4. Let s(m) = 5*q(m) + 6*t(m). What is s(5)?
-1
Let t(k) be the first derivative of k**4 + 4*k**3/3 + k**2/2 + 5*k - 400. Determine t(-3).
-70
Let k = -93 - -96. Let h(g) = g**2 - 91*g**k - 2*g**2 + 4 + 92*g**3 + 2*g**2 - 5*g + 3*g**2. Determine h(-5).
4
Let h(u) = u**3 - 10*u**2 - 12*u + 3. Let t be (-66)/(-55)*(-10)/(-3). Let l be 22*t*6/48. Calculate h(l).
-8
Let z = -8 + 6. Let d(s) be the third derivative of -13*s**2 - 1/24*s**4 + 1/120*s**6 + 0 + 0*s + 1/60*s**5 - 1/6*s**3. Give d(z).
-3
Let m(a) = -4*a - 7. Let x(v) = -v - 1. Let q(z) = -5*z - 7. Let g(b) = q(b) - 6*x(b). Let n(c) = 5*g(c) + m(